431187 a composite number?
True
Is 13093 a composite number?
False
Is 86585 composite?
True
Is 3293 a composite number?
True
Is 217219 a composite number?
False
Is 7831 prime?
False
Is 304319 a prime number?
False
Is 131357 prime?
True
Is 613 composite?
False
Is 15503 prime?
False
Is 7057 a composite number?
False
Is 132421 a composite number?
False
Is 221009 a prime number?
False
Is 126869 prime?
False
Is 34981 composite?
False
Is 1598657 composite?
True
Is 2316593 a composite number?
False
Is 3359 a prime number?
True
Is 103333 a prime number?
True
Is 9793 a prime number?
False
Is 21331 a composite number?
True
Is 117879 composite?
True
Is 1260403 composite?
True
Is 51941 composite?
False
Is 430139 prime?
True
Is 2629 prime?
False
Is 902933 composite?
False
Is 69593 composite?
False
Is 238993 composite?
True
Is 7031 a prime number?
False
Is 541907 a composite number?
True
Is 279359 a composite number?
True
Is 5287 a prime number?
False
Is 98243 composite?
True
Is 231751 a prime number?
False
Is 539321 prime?
True
Is 215971 a prime number?
False
Is 10033 prime?
False
Is 6729 a composite number?
True
Is 120191 a prime number?
False
Is 202013 a prime number?
False
Is 1487557 a prime number?
True
Is 460327 a prime number?
False
Is 39811 a prime number?
False
Is 1973 prime?
True
Is 82961 prime?
False
Is 20303 a composite number?
True
Is 42649 composite?
False
Is 22507 a composite number?
True
Is 2911 composite?
True
Is 977 a composite number?
False
Is 180313 a composite number?
True
Is 37039 a composite number?
False
Is 37061 a prime number?
True
Is 38633 prime?
False
Is 2413 a prime number?
False
Is 4426 prime?
False
Is 46133 composite?
False
Is 8185 a prime number?
False
Is 12317 a prime number?
False
Is 1213 composite?
False
Is 117067 composite?
True
Is 14138 composite?
True
Is 396061 a composite number?
False
Is 757879 a composite number?
False
Is 3463 a composite number?
False
Is 287241 a composite number?
True
Is 7601 a prime number?
False
Is 73417 a composite number?
False
Is 194437 a composite number?
True
Is 6113 prime?
True
Is 5921 composite?
True
Is 763 a prime number?
False
Is 5381 a prime number?
True
Is 390083 composite?
False
Is 7563 a prime number?
False
Is 19231 a composite number?
False
Is 40141 a composite number?
True
Is 46577 a composite number?
True
Is 3985 composite?
True
Is 803773 composite?
True
Is 3217 a prime number?
True
Is 3659 prime?
True
Is 472127 a composite number?
False
Is 5158 composite?
True
Is 193049 a composite number?
True
Is 21719 a composite number?
True
Is 15943 composite?
True
Is 62701 a prime number?
True
Is 43297 a composite number?
True
Is 69097 a prime number?
False
Is 7297 a composite number?
False
Is 606899 composite?
False
Is 9491 prime?
True
Is 155917 a composite number?
True
Is 65233 a composite number?
True
Is 54753 prime?
False
Is 1793 prime?
False
Is 4263253 a prime number?
True
Is 4181417 a prime number?
True
Is 34711 prime?
False
Is 1188179 a prime number?
True
Is 19589 a composite number?
True
Is 305209 prime?
True
Is 5203979 composite?
True
Is 722659 composite?
True
Is 15259 a composite number?
False
Is 38513 a prime number?
False
Is 304345 a composite number?
True
Is 555961 composite?
True
Is 21401 composite?
False
Is 65413 prime?
True
Is 2457393 a prime number?
False
Is 10319 a prime number?
False
Is 2419 a composite number?
True
Is 1306 composite?
True
Is 762031 prime?
True
Is 17881 composite?
False
Is 11002 a prime number?
False
Is 1291 prime?
True
Is 27143 a composite number?
False
Is 11057 a composite number?
False
Is 1949 a prime number?
True
Is 176347 prime?
True
Is 26479 a composite number?
False
Is 419291 prime?
True
Is 43333 composite?
True
Is 15127 prime?
False
Is 116979 a composite number?
True
Is 195927 a prime number?
False
Is 11087 composite?
False
Is 33671 a composite number?
True
Is 745517 a composite number?
False
Is 662345 a composite number?
True
Is 214493 a prime number?
False
Is 2039 prime?
True
Is 49027 a composite number?
True
Is 12889 prime?
True
Is 4373 a composite number?
False
Is 1109 a prime number?
True
Is 573733 composite?
True
Is 4547 prime?
True
Is 14143 composite?
False
Is 55649 prime?
False
Is 445567 a composite number?
False
Is 1007983 a prime number?
False
Is 2467369 a composite number?
False
Is 404257 a composite number?
True
Is 14591 composite?
False
Is 2435 composite?
True
Is 84377 composite?
False
Is 5905 composite?
True
Is 1278983 a prime number?
True
Is 11159 a composite number?
False
Is 10079 a prime number?
True
Is 24394 prime?
False
Is 5849 composite?
False
Is 27611 a composite number?
False
Is 2767 a prime number?
True
Is 86689 a composite number?
False
Is 30301 a prime number?
False
Is 105319 a composite number?
False
Is 12787 composite?
True
Is 7753 a composite number?
False
Is 4063 composite?
True
Is 144949 composite?
True
Is 8353 a composite number?
False
Is 5899 prime?
False
Is 336993 a prime number?
False
Is 226099 a prime number?
True
Is 67121 a composite number?
False
Is 8263 a composite number?
False
Is 28277 a prime number?
True
Is 52163 a prime number?
True
Is 22298 composite?
True
Is 1234039 a composite number?
False
Is 20533 composite?
False
Is 8791 a prime number?
False
Is 27877 a composite number?
True
Is 1637 prime?
True
Is 1733543 composite?
True
Is 2759 composite?
True
Is 38371 composite?
False
Is 337819 composite?
True
Is 8147 prime?
True
Is 162149 composite?
True
Is 341941 prime?
False
Is 6649 a composite number?
True
Is 226427 prime?
True
Is 23953 a prime number?
False
Is 12247 prime?
False
Is 23741 composite?
False
Is 664507 a composite number?
False
Is 40709 a prime number?
True
Is 254471 a prime number?
False
Is 52147 a composite number?
False
Is 6905 composite?
True
Is 18539 a composite number?
False
Is 165287 a composite number?
False
Is 58133 a prime number?
False
Is 415013 a composite number?
False
Is 3962713 composite?
False
Is 29123 composite?
False
Is 6289 a prime number?
False
Is 89153 prime?
True
Is 12347 composite?
False
Is 14923 a prime number?
True
Is 2551999 prime?
True
Is 6421 a prime number?
True
Is 28933 prime?
True
Is 255103 prime?
False
Is 2073457 a prime number?
True
Is 26833 a prime number?
True
Is 541339 a composite number?
False
Is 14566 prime?
False
Is 1081679 prime?
True
Is 1172297 a composite number?
True
Is 4019 a prime number?
True
Is 512443 composite?
False
Is 28093 a composite number?
True
Is 6779 a prime number?
True
Is 408511 composite?
True
Is 2375057 a prime number?
False
Is 49143 prime?
False
Is 559427 a composite number?
True
Is 8849 a composite number?
False
Is 55877 a composite number?
True
Is 32117 composite?
False
Is 28513 prime?
True
Is 5035711 a prime number?
True
Is 3971123 composite?
True
Is 8347 prime?
False
Is 48857 a composite number?
False
Is 230855 a prime number?
False
Is 10343 a prime number?
True
Is 71879 prime?
True
Is 14441 a composite number?
True
Is 886441 composite?
True
Is 241577 prime?
False
Is 109037 prime?
True
Is 77381 prime?
False
Is 1657 a prime number?
True
Is 807947 composite?
True
Is 1350299 a prime number?
False
Is 66971 a composite number?
True
Is 12569 composite?
False
Is 111697 a composite number?
False
Is 363523 composite?
False
Is 89747 composite?
True
Is 2579 a prime number?
True
Is 156529 a composite number?
True
Is 20841 a composite number?
True
Is 108359 composite?
False
Is 176369 composite?
False
Is 91831 a prime number?
False
Is 9865 composite?
True
Is 170441 a composite number?
False
Is 6449 prime?
True
Is 92869 composite?
True
Is 30293 a composite number?
False
Is 30551 composite?
True
Is 901 prime?
False
Is 354811 composite?
True
Is 458587 a prime number?
False
Is 8453 a prime number?
False
Is 161741 a composite number?
False
Is 7993 a composite number?
False
Is 14257 composite?
True
Is 3049 prime?
True
Is 1655 a prime number?
False
Is 15727 composite?
False
Is 25013 prime?
True
Is 4583 a composite number?
False
Is 871261 a prime number?
False
Is 3901 a prime number?
False
Is 3019 composite?
False
Is 160141 a composite number?
False
Is 12323 composite?
False
Is 14387 a composite number?
False
Is 10357 a composite number?
False
Is 15451 a composite number?
False
Is 30289 prime?
False
Is 42647 a prime number?
False
Is 5033 composite?
T